 u(y) = 11*m(y) + 6*v(y). What is u(-5)?
10
Let w be (-3)/15 - 2/(-10). Suppose 4*k - 4*j + 32 = 0, 5*k - 3*k - 3*j + 19 = w. Let q = 10 + k. Let u(a) = a**2 - 3*a - 4. Determine u(q).
6
Let w(b) = 3*b + 2*b**2 - 4*b + 1 + 5*b. Let y be 3/(-5) + 28/5. Suppose 3*k - 2*d = -3, k - y*d + d = 9. Determine w(k).
7
Let j(a) = 16*a**2 - 4*a + 9. Let k(z) = -4*z**2 + z - 2. Let x(t) = -2*j(t) - 9*k(t). What is x(1)?
3
Let w(a) = -a - 9. Let m(t) = -t - 17. Let d(b) = -3*m(b) + 5*w(b). Determine d(4).
-2
Let z = 1 - 0. Let i be z*-4 - (-4 - -2). Let h = 0 + i. Let w(c) = -3*c - 3. Give w(h).
3
Let s(d) = 2*d - 4*d - 1 + 0*d + 3*d. What is s(1)?
0
Let b = -22 - -24. Let x(a) = -a**b - 1 - 3*a + 0*a - 2. Determine x(-4).
-7
Let y(c) = -4*c - 14. Let x(a) = -a - 5. Let b(f) = -8*x(f) + 3*y(f). Calculate b(5).
-22
Let u(q) be the third derivative of q**4/24 + q**3/6 + q**2. What is u(5)?
6
Let v = -7 + 12. Let h(y) = y**3 - 4*y**2 - 6*y - 2. Determine h(v).
-7
Let g = 15 + -10. Suppose 1 + 3 = -4*w, 18 = 4*f - 2*w. Let a(h) = g + h**2 + 2 + f*h - 5. Calculate a(-3).
-1
Let n(m) = m. Suppose -39 = -2*q - 47. Give n(q).
-4
Let w(n) = -1 - 5*n**2 + 1 + 2*n + 7 - n**3. Let p = 4 - 9. What is w(p)?
-3
Let l(x) = -234*x + 7*x**2 + 234*x. Let c be 1/(-3) + 14/6. Let s = c + -3. Give l(s).
7
Let i(u) = -14*u**2 + 7*u**2 - 2 + 2*u + 8*u**2. Calculate i(2).
6
Let j(i) = i**2 - 11*i + 13. Let t be 1 + -1*16*5/(-10). What is j(t)?
-5
Let g(j) = j**2 - 10*j + 4. Let p be g(10). Let x = 17 + -10. Let h(w) = -p + w - x*w**3 + 3 + 2. Give h(-1).
7
Let m(o) be the second derivative of -o**4/12 + 5*o**3/3 - 5*o**2/2 - 6*o. What is m(8)?
11
Let z(q) be the first derivative of -2*q**2 + 1/3*q**3 + 2*q - 4. Determine z(4).
2
Let n(u) = u**2 - 3*u + 2. Let s = 3 + 0. Let x be n(s). Let d(h) = 0*h**2 + 0*h**x + h**2. Determine d(0).
0
Let h = -199 - -197. Let w(q) = -q**3 + q**2 + 3*q + 1. Calculate w(h).
7
Let v(q) be the third derivative of 4*q**2 + 7/60*q**5 + 3/2*q**3 + 0 + 0*q + 1/120*q**6 + 7/24*q**4. What is v(-6)?
3
Let u(y) be the first derivative of -2*y**3 - y - 1. Let f = -49 + 50. Give u(f).
-7
Let x(p) = 3 - 2*p + 0 - 2. Let i be (-6)/((0 - -1)*2). Give x(i).
7
Let d(h) = 0*h + 0*h + h**3 - 4*h**2 + h. Let y be d(2). Let s(t) = t**2 + 6*t - 6. What is s(y)?
-6
Let u(y) = y**3 + 4*y**2 + 2*y + 1. Let g = -4 - -9. Suppose -2*r + 7*r - g*v = 5, r + 4*v + 19 = 0. Calculate u(r).
4
Let m(v) = -2*v**2 + 2*v - 1. Suppose -2*c - 4 = -3*n, 0*n = -4*c + n - 8. Calculate m(c).
-13
Suppose 34 = -5*l - 0*l - 3*d, -2*d + 14 = -4*l. Let j(y) = y**2 + 3*y. Give j(l).
10
Suppose -4*v - 5*g + 6 = 0, g = -g + 4. Let x(i) = -i. Let f(l) = -l**2 + 6*l - 2. Let m(t) = v*f(t) - 3*x(t). Suppose -4 = p - 2*p. Calculate m(p).
6
Let v(c) = c**2 + 7*c + 2. Let q be v(-6). Let l = -1 + 1. Let j(f) = l*f - 2*f - f**3 + 3*f**2 + f**3 + f**3 + 2. Give j(q).
-6
Let h(s) = s. Suppose -3 = 3*b, 4*r + 2*b = 6*b + 24. What is h(r)?
5
Let o be 4 + -2 + (-20)/2. Let m = -11 - o. Let k(t) be the third derivative of -t**4/24 - 5*t**3/6 + t**2. What is k(m)?
-2
Suppose -17 = -5*b + 8. Suppose -y - 20 = -b*i, 2*y - 10 = -0*y. Suppose i*s - 3*z = -22, -13 = 3*s - 4*z - 2. Let g(q) = q**3 + 4*q**2 - 3*q + 7. What is g(s)?
-3
Let x be 3/(4 + -7)*-3. Let m(s) = -3*s + 1. Determine m(x).
-8
Let k be 4/((-76)/(-12) + -5). Let f(j) = -2*j + 2*j**2 - j**3 + 5*j - 1 - 2*j. Calculate f(k).
-7
Let x(z) = -4 + 0*z + 3 - 7*z. Suppose -2*r - 4*p = -42, -4*p = 3*r - 0*r - 55. Let o = r + -12. What is x(o)?
-8
Let h(i) = -6*i - 2. Let g be h(-1). Let n(p) = p**2 + p - 1. What is n(g)?
19
Let z(i) be the third derivative of -i**5/30 - i**3/6 + 12*i**2. Give z(-1).
-3
Let g = -12 - -22. Suppose 6*j = j - g. Let x(r) = 3*r**2 + 3*r + 1. What is x(j)?
7
Suppose -11*p - 20 = -6*p. Let l(d) = d**2 + 6*d + 5. What is l(p)?
-3
Let v(d) be the third derivative of d**5/12 - d**3/6 - 3*d**2 + 2. Determine v(-2).
19
Let c(l) = l**3 + 2*l**2 - 1. Suppose -3*n - 3*u + 18 = 0, -3*u + 3 + 10 = -2*n. Suppose 4*t - n = 3*a, -2*a = -7*t + 2*t - 4. Calculate c(t).
-1
Suppose 5*w + f = -16 + 5, -2*w - 18 = -3*f. Let n(s) be the second derivative of -s**4/12 - s**3/3 - 8*s. Determine n(w).
-3
Let r(x) = -x**3 - 6*x**2 - x. Let y be r(-6). Let b = -10 + y. Let c(o) = 2*o + 4. Determine c(b).
-4
Suppose -2*w + 29 = -5*y, 2*w + y + 11 = 5*w. Let l = w + -5. Let z(n) = n**2 + 2*n - 2. Calculate z(l).
1
Let f(g) be the first derivative of g**5/60 - g**4/8 + g**2 - 2. Let x(a) be the second derivative of f(a). Let p = -6 + 9. Determine x(p).
0
Suppose -3*x + 2*w = -6*x + 23, w + 11 = 3*x. Let n(j) = 7*j**2 - 3*j - 13. Let r(c) = 15*c**2 - 6*c - 27. Let m(b) = 13*n(b) - 6*r(b). Calculate m(x).
3
Let v(p) = -p - 5. Let m be (37 - 37)/(4/(-1 - 1)). Determine v(m).
-5
Let k(a) be the second derivative of a**5/20 + a**4/2 - a**3/3 - 9*a**2/2 + 2*a. Calculate k(-6).
3
Let v(h) = -4*h - 2. Let j(c) = -c. Let r(i) = 14*j(i) - 3*v(i). Let w be (0 - 1)*(-5)/1. Calculate r(w).
-4
Let j(q) = q**2 - 9*q + 1. Let z be (-4)/(-6) + (-19)/(-3). What is j(z)?
-13
Let b(o) be the third derivative of -o**6/360 + o**5/24 + o**4/8 - o**3/3 + 5*o**2. Let d(i) be the first derivative of b(i). Calculate d(4).
7
Let z = 7 + -2. Let k(p) be the second derivative of p**3/6 - 11*p**2/2 + 2*p. Give k(z).
-6
Let d(b) = b**3 + 7*b**2 + 6*b + 2. Let i be d(-6). Let k(g) = i*g + 2*g - 3*g. Suppose 2*p + 7 = -0*h - h, 2*h - 4 = 5*p. Calculate k(p).
-2
Let w(m) be the third derivative of -m**4/24 - 7*m**3/6 - m**2. Calculate w(-3).
-4
Let z(h) = h**2 - 4*h + 6. Let p(o) = -9*o + 3 + o**2 - 7 - 4. Let l be p(10). Let m = l + 2. Determine z(m).
6
Suppose -3 = 5*h + 2. Let i(l) be the first derivative of 3*l**2 + l - 39. What is i(h)?
-5
Let s(u) = -u**3 - 6*u**2 - 4*u - 4. Let w be -5 - 6/(-3)*7/7. Determine s(w).
-19
Suppose f + 24 = 4*l - f, l + 3*f = -1. Let n(u) = 7*u**2 + 0 - 8*u**2 + 1 + l*u. Let w be n(5). Let t(x) = x + 1. Determine t(w).
2
Suppose -3*v = -2*v + 3. Let k(b) = -6*b - 9. Let g(p) = -2*p - 3. Let h(t) = 8*g(t) - 3*k(t). Calculate h(v).
-3
Let p(b) be the second derivative of -1/2*b**2 - 1/20*b**5 + 1/6*b**3 - 1/6*b**4 + 0 + 3*b. What is p(-3)?
5
Suppose -k + 3 - 12 = 3*j, 0 = -2*k + 4*j + 12. Let d be k*(-5 + 2 + 2). Let z(c) = c**2 - c. Calculate z(d).
0
Suppose 3*i - 45 + 15 = 0. Suppose -4*x = i + 2. Let t(b) = 3*b**2 - 3 + 0*b**2 + 0*b**2 - 2*b**3 + 3*b**3. What is t(x)?
-3
Let y(j) = 4 + 17*j - 14*j + 8*j**2 - j**3 - 4*j - 8*j. Calculate y(7).
-10
Let z(u) = 3*u - 1. Let i be 2/(3/(9/2)). Suppose 3*p + 10 = -i*h - p, -2*p = 8. Give z(h).
5
Let y(n) = -5*n - 3. Let i(j) = 14*j + 8. Let x(a) = 3*i(a) + 8*y(a). Determine x(2).
4
Let s be (-24)/(-14)*70/20. Let b(t) = 6*t + 2 + 6*t**2 + 2*t - 2*t - t**2 - t**3. Calculate b(s).
2
Let f(m) = m - 2. Let s = -11 - -11. Determine f(s).
-2
Let v(u) be the first derivative of -u**5/60 - u**4/6 + 2*u**3 - 7. Let d(o) be the third derivative of v(o). Determine d(-3).
2
Let h(l) = 6*l - l - 1 - 9*l + 3*l**2. Determine h(3).
14
Suppose -2*d - 2*c + 3 - 1 = 0, 0 = 3*d - 4*c - 38. Let y(g) = -1 - 3*g**2 + 2*g**2 - g - d*g + g. Give y(-6).
-1
Let l(b) = 3*b - 4 - 3*b + b**2. Suppose -10 = 3*t + 4*r + 10, 4*t = -2*r - 10. Let o = t + -3. Give l(o).
5
Suppose 0 = -6*j + 2*j + 8. Suppose 4*d - 15 = 3*g, d - j*d = -3*g - 6. Let w(x) = 9*x - 13. Let n(b) = -14*b + 20. Let l(m) = 5*n(m) + 8*w(m). What is l(d)?
2
Let v(q) = -3 + 2*q - 4*q + 4. Suppose -2*m + 8 = -0*m. Give v(m).
-7
Let n(u) = 9*u. Suppose -o + 3*l = 11, 0*o + 4*l = o + 16. Let m be (-3 + o)/(2 + -3). What is n(m)?
-9
Suppose -2*p - 3 = p. Let j(f) be the second derivative of 2*f**5/5 + f**4/12 - f**3/6 - f**2/2 + f. Give j(p).
-7
Let y(b) = 17*b - 2. Let r = -39 + 37. Determine y(r).
-36
Suppose 0 - 12 = -4*f. Let d(n) = -4*n + 1. Let i(x) = 2*x - 3. Let z be i(6). Let j(v) = -17*v + 5. Let c(h) = z*d(h) - 2*j(h). What is c(f)?
-7
Let h(y) = 3*y + 2*y**2 - y**2 + 2 - 4. Let m be (4/(-12))/(1/(-63)). Suppose -1 = -4*w - m. Determine h(w).
8
Let t(a) be the third derivative of a**6/120 + a**5/30 - a**4/24 + 9*a**2. What is t(1)?
2
Let t(h) = -2*h**2 + h + 4. Let s(l) be the first derivative of -l**4/4 + l**3 + l**2 - 3*l + 5. Let r be s(3). Calculate t(r).
-11
Suppo